ivided by 24.
20
Calculate the remainder when 21284 is divided by 563.
453
What is the remainder when 2628031 is divided by 203?
196
What is the remainder when 6980019 is divided by 6987?
6
What is the remainder when 4262785 is divided by 871?
111
Calculate the remainder when 188153 is divided by 182.
147
What is the remainder when 9025026 is divided by 2256247?
38
Calculate the remainder when 783277 is divided by 200.
77
What is the remainder when 11261283 is divided by 1832?
1811
What is the remainder when 36648 is divided by 9067?
380
Calculate the remainder when 63430097 is divided by 4879235.
42
Calculate the remainder when 987922 is divided by 2186.
2036
Calculate the remainder when 574528 is divided by 199.
15
Calculate the remainder when 1476512 is divided by 738252.
8
What is the remainder when 39063 is divided by 36?
3
What is the remainder when 8387901 is divided by 113?
24
What is the remainder when 330775 is divided by 645?
535
What is the remainder when 1243766 is divided by 376?
334
Calculate the remainder when 761884 is divided by 772.
692
What is the remainder when 19990691 is divided by 2945?
31
What is the remainder when 52374209 is divided by 3787?
3786
What is the remainder when 260633 is divided by 224?
121
What is the remainder when 150930372 is divided by 150930371?
1
Calculate the remainder when 255716 is divided by 127822.
72
What is the remainder when 3553227 is divided by 2380?
2267
What is the remainder when 583666 is divided by 559?
70
What is the remainder when 28183 is divided by 9282?
337
What is the remainder when 68705521 is divided by 34352756?
9
Calculate the remainder when 166364063 is divided by 403.
21
What is the remainder when 7893772 is divided by 38?
32
What is the remainder when 250370 is divided by 83436?
62
What is the remainder when 9912500 is divided by 2478123?
8
What is the remainder when 18654222 is divided by 1581?
3
Calculate the remainder when 11741 is divided by 3879.
104
What is the remainder when 153018 is divided by 441?
432
What is the remainder when 3669406 is divided by 3230?
126
Calculate the remainder when 1038122 is divided by 7111.
7027
Calculate the remainder when 84309426 is divided by 4330.
4326
What is the remainder when 44940517 is divided by 66?
61
Calculate the remainder when 112009 is divided by 111929.
80
Calculate the remainder when 10217843 is divided by 164.
151
What is the remainder when 322975 is divided by 31698?
5995
Calculate the remainder when 23837086 is divided by 7139.
7104
What is the remainder when 9687556 is divided by 41?
35
Calculate the remainder when 153345 is divided by 153338.
7
Calculate the remainder when 57559823 is divided by 136.
135
Calculate the remainder when 166135881 is divided by 672.
9
What is the remainder when 273458 is divided by 271943?
1515
Calculate the remainder when 79315 is divided by 990.
115
What is the remainder when 130015 is divided by 605?
545
Calculate the remainder when 2083891 is divided by 641.
0
Calculate the remainder when 6441005 is divided by 715658.
83
What is the remainder when 69601 is divided by 12871?
5246
What is the remainder when 9029297 is divided by 501626?
29
What is the remainder when 78559120 is divided by 203521?
14
Calculate the remainder when 66375521 is divided by 1348.
1
Calculate the remainder when 2898541 is divided by 1329.
1321
What is the remainder when 1004371 is divided by 100434?
31
What is the remainder when 9275 is divided by 4585?
105
What is the remainder when 497259 is divided by 23664?
315
What is the remainder when 1037251 is divided by 518614?
23
Calculate the remainder when 3661812 is divided by 24739.
440
Calculate the remainder when 10229639 is divided by 47141.
42
What is the remainder when 68480 is divided by 11293?
722
What is the remainder when 1391874 is divided by 85?
84
What is the remainder when 37341 is divided by 47?
23
Calculate the remainder when 26938250 is divided by 1795883.
5
What is the remainder when 45246611 is divided by 121?
113
What is the remainder when 29759620 is divided by 17?
15
Calculate the remainder when 5839983 is divided by 193.
189
Calculate the remainder when 247698 is divided by 6190.
98
Calculate the remainder when 195415 is divided by 5125.
665
Calculate the remainder when 43210 is divided by 21055.
1100
What is the remainder when 2982017 is divided by 1330?
157
What is the remainder when 26164849 is divided by 28?
25
What is the remainder when 3022282 is divided by 302213?
152
What is the remainder when 132395 is divided by 79?
70
Calculate the remainder when 1027946 is divided by 6995.
6676
What is the remainder when 2534859 is divided by 310?
299
What is the remainder when 127662 is divided by 979?
392
What is the remainder when 8061327 is divided by 2015274?
231
Calculate the remainder when 479917 is divided by 13330.
37
Calculate the remainder when 142170 is divided by 20298.
84
What is the remainder when 919979 is divided by 322?
25
What is the remainder when 370814 is divided by 5010?
74
What is the remainder when 7623554 is divided by 58?
34
What is the remainder when 128548 is divided by 12679?
1758
Calculate the remainder when 614741 is divided by 204727.
560
What is the remainder when 1445999 is divided by 22246?
9
Calculate the remainder when 1138632 is divided by 5609.
5
What is the remainder when 241400 is divided by 34481?
33
What is the remainder when 2969178 is divided by 1897?
373
What is the remainder when 1039960448 is divided by 15189?
15185
Calculate the remainder when 565159 is divided by 80736.
7
What is the remainder when 85733 is divided by 8549?
243
What is the remainder when 2002229 is divided by 24?
5
Calculate the remainder when 2829908 is divided by 3377.
3359
What is the remainder when 198487 is divided by 1568?
919
Calculate the remainder when 263811 is divided by 656.
99
What is the remainder when 924503 is divided by 308117?
152
What is the remainder when 36061681 is divided by 34?
23
Calculate the remainder when 1449014 is divided by 4.
2
Calculate the remainder when 4772913 is divided by 415.
413
What is the remainder when 26605 is divided by 32?
13
What is the remainder when 602253 is divided by 1101?
6
What is the remainder when 46753 is divided by 1225?
203
Calculate the remainder when 468468 is divided by 416.
52
Calculate the remainder when 925476 is divided by 1413.
1374
What is the remainder when 5983884 is divided by 79785?
9
What is the remainder when 73480406 is divided by 59984?
6
What is the remainder when 31855 is divided by 5849?
2610
Calculate the remainder when 4956 is divided by 1144.
380
Calculate the remainder when 12831834 is divided by 420.
414
Calculate the remainder when 567149 is divided by 32.
13
What is the remainder when 401259 is divided by 66853?
141
What is the remainder when 420743914 is divided by 248?
10
Calculate the remainder when 964223 is divided by 12045.
623
What is the remainder when 20096087 is divided by 22?
11
What is the remainder when 69627 is divided by 571?
536
What is the remainder when 31392 is divided by 3823?
808
Calculate the remainder when 1192485 is divided by 131.
123
What is the remainder when 717606 is divided by 16?
6
What is the remainder when 13753823 is divided by 433?
11
Calculate the remainder when 237833 is divided by 98.
85
What is the remainder when 349400 is divided by 864?
344
What is the remainder when 146092 is divided by 29215?
17
Calculate the remainder when 2433205 is divided by 224.
117
Calculate the remainder when 324504 is divided by 64862.
194
What is the remainder when 17865672 is divided by 2046?
0
What is the remainder when 593607 is divided by 769?
708
Calculate the remainder when 648625 is divided by 205.
5
What is the remainder when 3223174 is divided by 1658?
22
Calculate the remainder when 62167643 is divided by 9.
8
What is the remainder when 3844720 is divided by 1357?
339
What is the remainder when 27261 is divided by 772?
241
What is the remainder when 185043747 is divided by 737?
735
What is the remainder when 1376814 is divided by 437?
264
What is the remainder when 404108 is divided by 40380?
308
Calculate the remainder when 39240 is divided by 39133.
107
What is the remainder when 7297415 is divided by 2432460